r of 3348018 and 9338.
46
Calculate the highest common factor of 15391193 and 19696.
1231
Calculate the greatest common factor of 544 and 173621408.
544
What is the greatest common divisor of 289241133 and 3?
3
Calculate the greatest common factor of 462286 and 792.
22
What is the greatest common factor of 97774 and 4598?
38
What is the highest common divisor of 124674641 and 91?
91
Calculate the greatest common divisor of 775 and 9501438.
31
Calculate the greatest common divisor of 10 and 874252915.
5
What is the greatest common divisor of 1075 and 10824089?
43
Calculate the highest common divisor of 550826 and 2552.
58
Calculate the greatest common divisor of 154620 and 48420.
180
What is the greatest common divisor of 2837856 and 240608?
3296
Calculate the highest common factor of 11307510 and 765.
45
What is the greatest common factor of 586920 and 347845?
365
Calculate the greatest common factor of 3404 and 4288189.
851
What is the highest common factor of 52527429 and 18?
9
What is the highest common factor of 15660 and 16994?
58
Calculate the greatest common divisor of 20804 and 72408.
28
What is the highest common factor of 236492812 and 8780?
1756
What is the highest common factor of 13361922 and 252?
126
What is the greatest common divisor of 29 and 114494378?
29
What is the highest common factor of 1029 and 178386411?
1029
Calculate the highest common divisor of 2100 and 27041700.
2100
Calculate the greatest common factor of 1915575 and 300.
75
Calculate the highest common divisor of 5656 and 3582432.
56
Calculate the highest common factor of 449 and 2470847.
449
What is the greatest common divisor of 4850 and 135900?
50
What is the highest common factor of 2670 and 919890?
30
Calculate the highest common factor of 4394 and 133186.
2
What is the greatest common factor of 213760 and 471168?
128
What is the highest common divisor of 29533 and 539?
7
Calculate the greatest common divisor of 54 and 141444.
18
What is the highest common factor of 25620 and 1314428?
244
Calculate the highest common factor of 750756 and 2292.
12
What is the highest common divisor of 33320 and 6197401?
119
What is the greatest common divisor of 238983064 and 8?
8
Calculate the greatest common factor of 105009530 and 21520.
2690
Calculate the greatest common factor of 47016451 and 472.
59
What is the highest common factor of 22815 and 13635?
135
Calculate the highest common factor of 484 and 36292256.
484
Calculate the greatest common factor of 7972944 and 1232.
112
What is the greatest common divisor of 1757761 and 7389?
821
What is the greatest common divisor of 32582954 and 2391?
797
Calculate the highest common divisor of 8700090 and 6.
6
What is the highest common factor of 44893682 and 406?
58
What is the highest common factor of 21392 and 119847152?
3056
What is the highest common factor of 94054 and 8277?
31
What is the highest common factor of 3366125 and 84?
7
Calculate the greatest common factor of 31215 and 53415.
15
Calculate the highest common divisor of 466730576 and 832.
208
Calculate the highest common divisor of 224 and 2612.
4
Calculate the highest common divisor of 8498181 and 6001.
17
Calculate the highest common divisor of 15089 and 1604209.
191
What is the greatest common factor of 32410 and 388457?
463
Calculate the greatest common factor of 2040584 and 2352.
56
Calculate the highest common factor of 13523698 and 14544.
202
What is the highest common factor of 281 and 1941965429?
281
What is the greatest common divisor of 98032895 and 13247?
1019
Calculate the greatest common divisor of 515184 and 1536.
48
Calculate the greatest common factor of 3394 and 2818.
2
Calculate the greatest common factor of 224728 and 18144.
56
Calculate the greatest common factor of 1030 and 102223586.
206
Calculate the greatest common divisor of 12480 and 8179200.
960
What is the greatest common divisor of 478 and 343978838?
478
What is the highest common divisor of 24 and 53481948?
12
Calculate the highest common factor of 83384867 and 69.
23
What is the greatest common factor of 77 and 9349373?
11
Calculate the greatest common factor of 225 and 2137194.
9
Calculate the highest common divisor of 8096 and 96232.
184
What is the highest common factor of 3129406 and 56?
14
Calculate the greatest common factor of 304 and 161773448.
152
Calculate the greatest common factor of 679616 and 12544.
448
Calculate the highest common factor of 1526779 and 1206357.
1061
What is the greatest common factor of 128936500 and 255?
85
What is the highest common factor of 69088 and 60384?
544
Calculate the highest common divisor of 7340210 and 10.
10
Calculate the highest common divisor of 93399 and 211737.
489
Calculate the greatest common divisor of 18037 and 99004032.
1061
What is the greatest common divisor of 267733 and 119?
17
What is the greatest common divisor of 96038 and 165743?
1549
What is the highest common factor of 729 and 1043631?
27
What is the highest common factor of 4744006 and 137362?
346
What is the highest common divisor of 347150 and 92697?
53
What is the highest common divisor of 16167 and 182909?
317
What is the greatest common divisor of 4780 and 313334975?
1195
What is the greatest common divisor of 104463 and 1148582?
73
Calculate the highest common divisor of 544 and 657288.
136
Calculate the highest common factor of 280071 and 173437011.
12177
Calculate the highest common divisor of 588 and 8655612.
84
What is the greatest common divisor of 10662 and 1883496?
6
What is the highest common divisor of 37421807 and 287?
41
Calculate the highest common factor of 2586 and 20301824.
862
Calculate the greatest common factor of 2422635 and 21261.
1119
Calculate the highest common divisor of 48380 and 93051673.
2419
What is the highest common divisor of 2469127 and 8633?
89
Calculate the highest common factor of 2248888 and 8720.
872
Calculate the highest common factor of 126882 and 5166.
126
What is the highest common factor of 35904 and 58048?
64
What is the greatest common factor of 24390 and 75402?
18
What is the greatest common divisor of 725 and 87356120?
145
Calculate the greatest common divisor of 1648 and 160956.
4
What is the highest common divisor of 580216 and 2716?
28
Calculate the greatest common factor of 347816466 and 558.
558
Calculate the greatest common factor of 6962 and 1569631634.
6962
Calculate the greatest common divisor of 9848 and 21688.
8
Calculate the highest common factor of 18993 and 292071.
39
What is the highest common divisor of 707092 and 53836?
172
Calculate the greatest common divisor of 964556320 and 1820.
1820
What is the greatest common divisor of 70710900 and 22620?
780
What is the greatest common divisor of 353252130 and 2046?
2046
What is the greatest common factor of 87 and 4025171?
29
Calculate the highest common factor of 2688 and 48744.
24
Calculate the greatest common factor of 614999879 and 26.
13
Calculate the highest common divisor of 36 and 2672330940.
36
Calculate the greatest common factor of 34713 and 725.
29
What is the highest common factor of 182044 and 7100?
284
Calculate the highest common divisor of 4 and 1585146.
2
What is the greatest common factor of 5576100 and 4800?
300
What is the highest common factor of 13712 and 6274097?
857
Calculate the greatest common factor of 38080 and 256207.
119
Calculate the highest common divisor of 20708294 and 940.
94
Calculate the highest common factor of 1908 and 3630708.
36
What is the highest common divisor of 10656 and 2994558?
222
What is the greatest common factor of 297 and 386857845?
99
What is the greatest common divisor of 92323 and 492898?
763
Calculate the greatest common factor of 23562658 and 89628.
1358
Calculate the highest common factor of 700010301 and 831.
831
What is the greatest common divisor of 1130 and 2249610?
10
Calculate the highest common factor of 601 and 35808181.
601
What is the highest common divisor of 1320960 and 39990?
1290
What is the greatest common factor of 70080793 and 92?
23
What is the greatest common factor of 26888 and 82088?
8
Calculate the highest common divisor of 2758110080 and 22.
22
What is the highest common factor of 2224 and 539984?
16
Calculate the highest common factor of 1792 and 217635488.
224
Cal